ose 0 = 2*v - 3*o - 10, 12*o = -2*v + 8*o + 10. Let d(f) = f**3 - 3*f**2 - 8*f + 6. Calculate d(v).
16
Suppose -5*z + 175 = -0*z. Let a be (-21)/z + 4/(-10). Let p(x) = -3*x + 1. Determine p(a).
4
Let c(b) be the first derivative of -11*b**4/4 + b**3/3 - b**2/2 + 18. What is c(1)?
-11
Let u(b) = -b**3 + 4*b**2 + b. Suppose i - 20 = -3. Let h be 0 - (2 - i) - -1. Let n be (1/2)/(2/h). What is u(n)?
4
Let u(b) = -b**2 + 8*b - 5. Let v be -1 - (-2 + 12/(-3)). Suppose -v + 33 = 4*q. Calculate u(q).
2
Suppose -23 = -5*v - 8. Let g(i) = i**2 - i + 4. Determine g(v).
10
Let x(u) = 2607*u + 14 - 2620*u + 0*u**2 + u**2. Calculate x(11).
-8
Let u(m) be the third derivative of -m**3 - 2*m**2 + 1/60*m**5 + 0*m + 0 + 1/6*m**4. Let n be ((-110)/(-33))/((-4)/6). What is u(n)?
-1
Let r(c) be the first derivative of c**3/3 - 5*c**2 - 9*c - 7. Calculate r(11).
2
Suppose 1 - 5 = -w. Suppose w*p = 9*p. Let x(u) = -u**3 + u**2 + u + 4. Give x(p).
4
Suppose -5*a + a + 4 = 0. Suppose -9 = -5*u + a. Let k(b) = b - 2 - 6*b - b - b**u - b. Give k(-5).
8
Let v(m) be the second derivative of -m**4/12 + 4*m**3/3 - 9*m**2/2 - 16*m. Determine v(7).
-2
Let u(n) = n**2 + n - 2. Let l(w) = -5*w**2 - 4*w + 10. Let k(f) = -2*l(f) - 11*u(f). Suppose -3 = 2*z + 7. Let v(r) = -r - 9. Let s be v(z). Calculate k(s).
-2
Let b(d) = 2*d - 4. Suppose 0 = a - 4. What is b(a)?
4
Let d(f) be the third derivative of -f**5/120 - f**4/8 + 5*f**3/6 - 3*f**2. Let y(b) be the first derivative of d(b). Give y(-6).
3
Let v(c) = -9*c + 11. Let x(p) = 28*p - 47. Let r(d) = -14*d + 23. Let f(k) = -13*r(k) - 6*x(k). Let a(n) = 5*f(n) + 8*v(n). Give a(2).
-1
Let s(o) be the second derivative of 7*o**3/6 - o**2/2 - 3*o. Give s(1).
6
Suppose -115*v + 104*v - 22 = 0. Suppose 20 = 4*y + 4*j, -4 - 2 = -4*y + 3*j. Let r(m) = -3 + 2*m**2 + m**y - 2 + 3. Calculate r(v).
-2
Let q be 52/14 - 2/(-7). Let w = -1 + 3. Let t(d) = -3 - d**2 + 3 + w*d. Determine t(q).
-8
Let p(a) = -a**3 - a**2 + 4*a - 3. Let z = 2 + 0. Give p(z).
-7
Let a(j) = -j**2 + 5*j - 1. Let v be a(4). Let n(b) = -2*b**2 - 2*b - b**3 - 1 + 3*b**v + b**2 - 6*b**3. Give n(-1).
4
Let o(w) = -10*w + 9. Let t(u) be the first derivative of -5*u**2/2 + 4*u - 2. Let g(b) = 3*o(b) - 7*t(b). Calculate g(1).
4
Suppose -4*z - 9 + 25 = 0. Suppose 0 = 4*x - l - 10, x + 14 = z*x - 4*l. Suppose 0 = 3*n - 10 - x. Let k(r) = r - 5. Determine k(n).
-1
Let z(w) = w - 2. Let v be z(7). Let h(r) be the second derivative of -1/2*r**2 - 8*r + 1/3*r**4 + 0 + 2/3*r**3 - 1/20*r**5. Give h(v).
-6
Let f(b) = -b**2 + 2*b + 1. Suppose 0 = -y - 0 + 1. Suppose 0*z - p = -z - y, 5*p = -3*z + 29. Suppose -z*o + 2 = 5. Determine f(o).
-2
Suppose 3*l - 8 = -l. Let b(q) = q**3 + 2*q**2 - 2*q - 2. Give b(l).
10
Suppose -5*t = -4*t + 4. Let c = t - -6. Suppose -v - c = -3*v. Let i(g) = 7*g - 1. Determine i(v).
6
Let p(l) = -2*l + 1. Let n be p(-2). Let j be (-1 - -2)/(1 + 0). Let i(b) = -j + 0*b**3 - b**3 + b**2 + 3*b**2 + 6*b. Give i(n).
4
Let r(v) = 3*v + 2. Let o(u) = -u. Let p(j) = -2*o(j) + r(j). Give p(2).
12
Let b(r) = -r - 9. Let u be b(-4). Let d(t) = -t**2 - 6*t - 1. Determine d(u).
4
Let l(h) = h**2 + h - 3. Let m be l(3). Let r(o) = o**2 - 10*o + 8. Determine r(m).
-1
Let l(g) = -g + 8. Let h be l(6). Let q(f) = 5 - f + f**h + 5*f - 3*f + 0*f. Determine q(0).
5
Suppose -3*z + 2*i = -z - 2, 2 = 2*z + 2*i. Suppose 2*l + z = 3. Let o(a) be the first derivative of -a**4/4 + 2*a**3/3 - a**2 + a + 1. Give o(l).
0
Suppose -5*o = 3*v + 10, -v - o + 10 = -6*o. Let i(f) = f. Give i(v).
0
Suppose 18 = 3*q + 3. Suppose 3 + 17 = 5*l - 5*n, 3*l + q*n = 28. Let o(s) = s + 1. Calculate o(l).
7
Let o(b) = 2*b + 4. Let i(l) be the third derivative of l**4/12 - l**3/6 + 2*l**2. Let n be i(-2). Calculate o(n).
-6
Suppose -p - 4 = -2. Let b be 0 - -2 - 1/(-1). Let j(l) = -2*l + 3*l**b - 5*l**3 + 3*l - 3*l**2 + 2. Determine j(p).
4
Let w(f) = -2*f + 2*f**2 + 0*f**2 + 1 - 2. Let k be (-12)/28 + 68/28. Determine w(k).
3
Let o(b) be the third derivative of 0 + 0*b + 1/3*b**3 - 5/24*b**4 + 4*b**2 + 1/10*b**5 - 1/120*b**6. Calculate o(5).
2
Let d be ((-6)/18)/((-2)/(-6)). Suppose 4*z - 12 + 0 = 0. Let r(m) = 3 - m**2 + 3*m**z - 3. What is r(d)?
-4
Suppose 4*f + 29 = 4*z + 5*f, 3 = 3*z - 3*f. Let g(s) = 8*s**2 + s**3 - 3*s + 3 + 6 - 6*s**2 - 8*s**2. Give g(z).
-9
Let l(n) = 2*n. Let w = 18 - 9. Let v be (-3 - -5)/((-6)/w). Calculate l(v).
-6
Let s(q) = -q - 4. Suppose -5*k - 5 = 2*g - 7*g, 5*k + g + 23 = 0. Give s(k).
0
Let r(j) = 0 - 3 + 4*j + 1. Let x = 14 + -16. Let h be (3 + -5 + 1)*x. Determine r(h).
6
Let l(g) = g - 1. Let m be l(3). Let w be (m + -2)/(0 + -1). Let p be (-1 + 2)*(w + -1). Let y(d) = -7*d - 1. Calculate y(p).
6
Suppose -14 = -4*o - 6. Let u(g) = 4*g**o + 3*g + g**3 + 1 + 2 - 2 - 2*g. What is u(-3)?
7
Let s(h) be the first derivative of -2/3*h**3 - 1/4*h**4 + 2 - h + 3/2*h**2. Determine s(2).
-11
Let m = -10 + 16. Let k(s) = -s + 5*s - 9 + 2*s - s**2 + 2*s. Give k(m).
3
Let a(m) be the first derivative of 1/3*m**3 + 0*m - 6 - 2*m**2. Let x be (12/15)/((-2)/(-10)). Determine a(x).
0
Suppose 4*c - 2*q = 6, 3*c + 5*q - 48 = -11. Let t(b) = -b**3 + 3*b**2 + 5*b - 5. Give t(c).
-1
Let x(s) be the first derivative of -s**4/4 - s**3/3 + s**2 - 4. Let m(l) be the second derivative of x(l). Give m(-2).
10
Let g(p) = -p**2 - 9*p + 1. Let a(w) = -w**2 - 10*w + 1. Let y(h) = 4*a(h) - 5*g(h). What is y(-6)?
5
Let m(y) = -142 + y + 3*y + 142. Determine m(-2).
-8
Suppose z = -3*z + 8. Let l be ((-4)/z - -2) + 2. Let y(k) = k**3 - 5*k + k**l + 2*k**2 + 0*k**3 + 0*k**2. What is y(-4)?
4
Let h(m) = -2 - 2 + 1 - 8*m**2 + m**3 - 5*m + 4*m**2. Let u = -2 + 5. Suppose u*x + 25 = 8*x. Give h(x).
-3
Let j(s) = 2*s - 2*s + 0*s + s**2 - 3 - 5*s. Calculate j(6).
3
Let d(u) = -u + 5. Let w be d(5). Let r(b) be the second derivative of -1/6*b**3 - b - 1/2*b**2 + w. Determine r(-2).
1
Let b be (76/57)/(1/3*2). Let l(y) = y - 4. Give l(b).
-2
Let y(j) be the third derivative of j**5/60 - j**4/3 + j**3 - 8*j**2. Let k(x) = -x + 5. Let z be k(0). Calculate y(z).
-9
Let o be 8 + 2 + 4/(-2). Let k(s) = 30*s**2 - 5*s - 11. Let n(r) = 20*r**2 - 3*r - 7. Let v(g) = o*n(g) - 5*k(g). Calculate v(1).
10
Let a be (9/(-6))/(6/8). Let s(l) = -l**3 - 2*l**2 - l + 2. Determine s(a).
4
Let z = 0 - 3. Let r = 5 + -2. Let i(x) = 4*x - 1 - r*x - 2*x - x**2. What is i(z)?
-7
Let r(u) = u**3 - 4*u**2 - 5*u + 3. Let w(q) = -q**3 - 6*q**2 + 2*q + 2. Let p be w(-6). Let g = p - -4. Let k be g*(-4)/6 - -1. Determine r(k).
3
Let u(p) = p + 1. Let o(y) = -2*y**2 + 2*y + 4. Let h(c) = -o(c) + 4*u(c). Let q = 66 - 68. Determine h(q).
4
Let l(q) = -8*q**2 + 1. Suppose 0 = 3*j - 0*j - 15. Let z(x) = 0*x**2 + 3*x**2 - 2*x**2. Let p(r) = j*z(r) + l(r). Determine p(-1).
-2
Suppose -5*a = 5*g + 30, 4*a + 25 = -5*g - 1. Let w(s) be the third derivative of s**4/6 + s**3/3 + 17*s**2. Determine w(g).
-6
Let d(g) = -2*g + 8. Let a be d(4). Let r(b) = b**3 - 15. What is r(a)?
-15
Let b(x) = x**2 + x - 1. Let z(i) = i**3 - 10*i**2 - 9*i + 2. Let j(m) = -6*b(m) - z(m). Calculate j(5).
-6
Let w(z) be the first derivative of -z**4/4 + 5*z**3/3 - 2*z**2 + 6*z + 45. Suppose -3*x + 2*x - 2*k = 2, -5*k - 35 = -5*x. What is w(x)?
6
Let k = 4 + -4. Suppose 2*d - 6 = -k*d. Let b(f) = f**2 - 4*f + 1. Give b(d).
-2
Let p(l) = 3*l - l**2 - 2*l + 4*l**2 - l**2. Determine p(-2).
6
Suppose -3 = -5*m - 5*b + 27, m - 9 = -4*b. Suppose -33 = m*n - 8. Let c = -10 - n. Let t(o) = -o**3 - 4*o**2 + 3*o - 2. What is t(c)?
8
Let m(q) = q**2 - 4*q - 5. Suppose 0*p = 2*p - 5*u + 8, -3*u = -2*p. Calculate m(p).
7
Suppose -3 = -3*m + 3. Let i be (-4)/(-8) - (-1)/m. Suppose i = -5*g - 9. Let n(t) = -3*t - 2. Determine n(g).
4
Let v(f) = 7*f + 18. Let k(b) = -10*b - 27. Let l(n) = -5*k(n) - 7*v(n). Let q be 4/(1 + (-5)/3). Let y = q - -1. Calculate l(y).
4
Suppose 0 = -2*a - 0 - 6. Let s(j) be the second derivative of -j**4/24 - j**3/3 - j**2 - j. Let t(r) be the first derivative of s(r). Determine t(a).
1
Suppose -7 = 3*j - 1. Let d(c) = 2*c + 1 + 0 + 2. Let h(g) = 2*g + 3. Let p(v) = j*d(v) + 3*h(v). Give p(-2).
-1
Let z = 5 - -2. Let s = 0 + 0. Suppose -v - 2 = -3*l - s*l, -2*l = v + z. Let p(h) = -h + 1. What is p(v)?
6
Let u(f) be the third derivative of -4*f**5/15 - 11*f